 a composite number?
True
Is 6725597 a prime number?
True
Is 422942681 prime?
False
Is 7701361 prime?
False
Is 26578271 a composite number?
True
Is 226297 composite?
True
Is 5092795 prime?
False
Is 200038019 a composite number?
False
Is 18583135 a composite number?
True
Is 53699993 a prime number?
False
Is 226187657 prime?
True
Is 32136149 prime?
True
Is 2697137 a prime number?
True
Is 2167669 prime?
False
Is 962059 composite?
True
Is 5510383 a prime number?
True
Is 228251 composite?
False
Is 6617431 composite?
False
Is 165093217 prime?
True
Is 22579985 composite?
True
Is 4636637 composite?
True
Is 617359 composite?
False
Is 42965795 a prime number?
False
Is 241369967 a composite number?
True
Is 170095243 a composite number?
False
Is 34307813 composite?
False
Is 16917053 prime?
True
Is 117806629 a prime number?
True
Is 234158149 a composite number?
True
Is 1421663 composite?
False
Is 32608447 a prime number?
True
Is 5105699 a prime number?
False
Is 121674577 a composite number?
True
Is 1184207 prime?
True
Is 18278603 prime?
False
Is 117925403 composite?
False
Is 862879 composite?
False
Is 6990811 a prime number?
False
Is 55847 prime?
False
Is 1222393 a prime number?
True
Is 39945977 a composite number?
True
Is 1219379 composite?
True
Is 9279679 a prime number?
False
Is 35141149 a composite number?
False
Is 118193753 a composite number?
False
Is 109180321 a prime number?
False
Is 15519695 a prime number?
False
Is 63515687 a prime number?
False
Is 12232069 a prime number?
True
Is 10576577 prime?
False
Is 15069721 composite?
True
Is 77877233 composite?
True
Is 299779901 prime?
True
Is 1245763 prime?
True
Is 36744247 prime?
False
Is 14930567 composite?
True
Is 22798723 a composite number?
False
Is 2642173 prime?
True
Is 78050003 composite?
True
Is 82699 a prime number?
True
Is 39932219 composite?
False
Is 407959 prime?
True
Is 14674931 a prime number?
True
Is 6550855 composite?
True
Is 42248227 a prime number?
False
Is 76763 a composite number?
True
Is 1497949 composite?
False
Is 1022685091 composite?
False
Is 29751961 composite?
False
Is 42314809 a composite number?
True
Is 8369 a prime number?
True
Is 232509919 a prime number?
False
Is 2336429 prime?
False
Is 1116736841 a composite number?
True
Is 1538321 composite?
False
Is 12380185 a prime number?
False
Is 521861 prime?
True
Is 21850681 composite?
True
Is 81657347 a composite number?
True
Is 4833674 a composite number?
True
Is 1807327 a prime number?
True
Is 12940763 a composite number?
True
Is 119677067 a prime number?
False
Is 20150743 prime?
True
Is 383455063 a composite number?
False
Is 5800279 a prime number?
True
Is 125542441 a prime number?
False
Is 3357869 prime?
False
Is 41902493 a composite number?
True
Is 196139 composite?
False
Is 194784323 a composite number?
False
Is 62612263 prime?
False
Is 6471431 composite?
False
Is 25784789 a prime number?
True
Is 518555231 a prime number?
True
Is 66427 a composite number?
True
Is 78338578 a prime number?
False
Is 1958603 a prime number?
True
Is 2474579 a composite number?
True
Is 4001111 a composite number?
False
Is 76541909 a composite number?
False
Is 21847691 prime?
True
Is 186913 composite?
True
Is 7566073 prime?
True
Is 1556717 a composite number?
False
Is 47866961 a prime number?
True
Is 42296621 a prime number?
True
Is 1259306 a composite number?
True
Is 55421953 prime?
True
Is 45492207 composite?
True
Is 1656407 a prime number?
False
Is 34643645 composite?
True
Is 1554473203 prime?
True
Is 168208517 a prime number?
False
Is 8984881 composite?
True
Is 148028957 a composite number?
False
Is 105141635 composite?
True
Is 129211 a composite number?
True
Is 1355063 a prime number?
True
Is 678934 composite?
True
Is 2064991 a composite number?
True
Is 40978361 composite?
False
Is 454108817 composite?
False
Is 62518171 a composite number?
True
Is 7399459 a composite number?
False
Is 11750803 composite?
True
Is 3871657 composite?
False
Is 29038683 a composite number?
True
Is 21202261 composite?
False
Is 35407055 a prime number?
False
Is 50183719 a composite number?
False
Is 248022217 prime?
True
Is 308440691 a prime number?
False
Is 70777769 composite?
False
Is 86263481 a prime number?
False
Is 61392571 a prime number?
True
Is 151890383 prime?
True
Is 321599 composite?
True
Is 512383567 a composite number?
True
Is 7473461 a prime number?
True
Is 30417529 a prime number?
True
Is 13185269 composite?
True
Is 18807953 prime?
False
Is 4451831 a prime number?
False
Is 2409621 composite?
True
Is 25547019 composite?
True
Is 22468647 composite?
True
Is 369469 a composite number?
False
Is 14136377 composite?
True
Is 5985671 composite?
False
Is 320149 a prime number?
True
Is 119291059 composite?
False
Is 24835487 prime?
False
Is 120554417 a prime number?
True
Is 82521743 prime?
True
Is 2201293 composite?
False
Is 2620883 a prime number?
True
Is 25177879 composite?
False
Is 45335471 prime?
False
Is 3566987 a composite number?
True
Is 13697687 prime?
True
Is 4944257 composite?
False
Is 486523 a prime number?
False
Is 88699393 a composite number?
True
Is 409870577 composite?
False
Is 1126693 a prime number?
True
Is 12633059 a prime number?
True
Is 206897989 composite?
False
Is 238773773 composite?
True
Is 45558151 a prime number?
False
Is 2695447 a prime number?
True
Is 11653339 composite?
False
Is 17971991 prime?
True
Is 15251059 prime?
True
Is 13534615 a prime number?
False
Is 6793739 prime?
True
Is 23636843 a prime number?
False
Is 38583031 prime?
True
Is 10343651 a composite number?
True
Is 2620103 a composite number?
True
Is 108448621 composite?
False
Is 7570699 composite?
False
Is 23396797 a composite number?
True
Is 3329009 prime?
False
Is 708820927 a prime number?
True
Is 61313093 composite?
False
Is 103889 a prime number?
True
Is 119549429 a composite number?
False
Is 153754049 composite?
False
Is 1777417 prime?
False
Is 14375755 a composite number?
True
Is 132673063 a composite number?
False
Is 1904671 a prime number?
False
Is 47537521 prime?
True
Is 1715183 composite?
True
Is 69468239 composite?
True
Is 22986991 a prime number?
True
Is 247283893 a composite number?
False
Is 5790107 a composite number?
True
Is 28975307 composite?
False
Is 31746731 composite?
True
Is 13306057 prime?
True
Is 920867615 composite?
True
Is 13177517 a prime number?
True
Is 660930601 composite?
False
Is 547716599 a composite number?
False
Is 622709 a prime number?
True
Is 1505733 prime?
False
Is 85515011 prime?
True
Is 924477089 prime?
True
Is 159287 prime?
True
Is 29251 prime?
True
Is 24317737 a composite number?
True
Is 13558189 a prime number?
True
Is 36193091 a composite number?
True
Is 13804451 composite?
False
Is 83816659 a composite number?
True
Is 4153687 prime?
True
Is 26052397 composite?
True
Is 169548139 prime?
True
Is 8002301 prime?
False
Is 209337853 prime?
True
Is 42833281 prime?
True
Is 1203073757 a prime number?
True
Is 28065203 a prime number?
False
Is 22238383 prime?
True
Is 249948746 a prime number?
False
Is 78534419 prime?
False
Is 7313167 prime?
True
Is 7574101 prime?
True
Is 15067609 composite?
False
Is 7062481 a prime number?
False
Is 15654071 prime?
False
Is 57199055 a composite number?
True
Is 93158927 a composite number?
False
Is 13640989 a prime number?
True
Is 74623 composite?
False
Is 3391933 prime?
True
Is 14159629 composite?
True
Is 142033 composite?
True
Is 10072471 a composite number?
True
Is 127079779 a composite number?
False
Is 60472093 prime?
False
Is 29708853 a composite number?
True
Is 20302549 composite?
True
Is 1307953 a composite number?
True
Is 9743989 a composite number?
False
Is 47094577 a composite number?
False
Is 62634169 prime?
False
Is 114524918 composite?
True
Is 683955223 a composite number?
True
Is 47475617 composite?
True
Is 6437009 composite?
True
Is 1426583 a composite number?
False
Is 115412981 prime?
False
Is 31771006 a prime number?
False
Is 54572381 prime?
False
Is 37223689 a prime number?
True
Is 5014403 a composite number?
False
Is 35666227 composite?
False
Is 14753951 a prime number?
True
Is 577381007 composite?
True
Is 35207941 composite?
True
Is 388537181 a composite number?
False
Is 1406683 a composite number?
False
Is 51857917 a prime number?
True
Is 31099619 a prime number?
True
Is 2124757 composite